f 193242339.
3, 21471371
What are the prime factors of 2540272470?
2, 3, 5, 757, 111857
What are the prime factors of 77201703?
3, 83, 103349
List the prime factors of 518665582.
2, 259332791
List the prime factors of 1900910295.
3, 5, 113, 353
What are the prime factors of 3500902287?
3, 281, 1384303
What are the prime factors of 56538270?
2, 3, 5, 209401
List the prime factors of 4359089682.
2, 3, 26907961
What are the prime factors of 206268197?
83, 2485159
List the prime factors of 27462802.
2, 13731401
What are the prime factors of 359417733?
3, 2699, 44389
What are the prime factors of 158337231?
3, 13, 1549, 2621
List the prime factors of 121375859.
11, 73, 151153
What are the prime factors of 194246269?
7, 4397, 6311
What are the prime factors of 722232973?
7, 11, 47, 199567
List the prime factors of 106228768.
2, 67, 49547
What are the prime factors of 609148229?
609148229
List the prime factors of 275804509.
275804509
List the prime factors of 4558547837.
101, 45134137
List the prime factors of 2282582931.
3, 101, 743, 10139
What are the prime factors of 1560760186?
2, 1187, 657439
What are the prime factors of 225594514?
2, 103, 1095119
List the prime factors of 52442279.
52442279
List the prime factors of 7493951873.
31, 241740383
What are the prime factors of 9016293?
3, 11, 13, 21017
What are the prime factors of 136782652?
2, 34195663
List the prime factors of 2574591339.
3, 131, 2053, 3191
List the prime factors of 1164088493.
1164088493
What are the prime factors of 9113300861?
7, 331, 3933233
What are the prime factors of 35246063?
227, 155269
List the prime factors of 29801406.
2, 3, 4966901
List the prime factors of 888723623.
888723623
List the prime factors of 94077500.
2, 5, 11, 311
What are the prime factors of 1382651752?
2, 17, 653, 15569
What are the prime factors of 227624076?
2, 3, 6322891
What are the prime factors of 421979228?
2, 11, 37, 259201
What are the prime factors of 139005544?
2, 2593, 6701
List the prime factors of 92128659.
3, 7, 103, 191, 223
List the prime factors of 109595241.
3, 7, 579869
List the prime factors of 530302459.
3557, 149087
List the prime factors of 117457866.
2, 3, 41, 159157
List the prime factors of 11497798.
2, 13, 47, 97
What are the prime factors of 2107247638?
2, 73, 101, 142903
What are the prime factors of 140982119?
140982119
What are the prime factors of 795187041?
3, 11, 257, 93761
What are the prime factors of 3487549513?
7, 53, 521, 18043
List the prime factors of 189885805.
5, 37977161
What are the prime factors of 25193307?
3, 983, 8543
What are the prime factors of 209740264?
2, 26217533
What are the prime factors of 226736166?
2, 3, 103, 181, 2027
What are the prime factors of 124808009?
124808009
What are the prime factors of 23396492?
2, 7, 449, 1861
List the prime factors of 313072916.
2, 13, 739, 8147
List the prime factors of 2134779356.
2, 3001, 177839
List the prime factors of 109420064.
2, 13, 20233
List the prime factors of 833348280.
2, 3, 5, 103, 191, 353
List the prime factors of 205847260.
2, 5, 10292363
What are the prime factors of 109355894?
2, 54677947
List the prime factors of 6341913.
3, 704657
List the prime factors of 294715103.
1091, 270133
What are the prime factors of 45189830?
2, 5, 7, 29, 113, 197
What are the prime factors of 306251992?
2, 23, 137, 12149
What are the prime factors of 51615609?
3, 19, 43, 21059
What are the prime factors of 61912990?
2, 5, 6191299
What are the prime factors of 355932632?
2, 11, 367699
What are the prime factors of 36580139?
1091, 33529
List the prime factors of 160872255.
3, 5, 193, 18523
What are the prime factors of 478051274?
2, 23, 10392419
What are the prime factors of 73772836?
2, 18443209
List the prime factors of 2542572198.
2, 3, 31, 43, 105967
What are the prime factors of 1410153989?
19, 23, 431, 7487
What are the prime factors of 2099683198?
2, 19, 55254821
List the prime factors of 2535439.
607, 4177
List the prime factors of 145046470.
2, 5, 14504647
List the prime factors of 313520129.
13, 37, 651809
List the prime factors of 17465289.
3, 107, 54409
List the prime factors of 2796383031.
3, 13, 2857, 25097
List the prime factors of 33450071.
383, 87337
What are the prime factors of 21180472?
2, 2647559
List the prime factors of 2142244596.
2, 3, 17, 89, 117991
List the prime factors of 584964421.
641, 912581
What are the prime factors of 32313482?
2, 23, 29, 24223
List the prime factors of 777287115.
3, 5, 11, 83, 18919
List the prime factors of 62627011.
383, 163517
What are the prime factors of 51049232?
2, 13, 17, 14437
List the prime factors of 2697328751.
13, 283, 733169
List the prime factors of 31848360.
2, 3, 5, 265403
List the prime factors of 318994024.
2, 2341, 17033
List the prime factors of 761095858.
2, 18979, 20051
List the prime factors of 1419281340.
2, 3, 5, 1831, 12919
List the prime factors of 422190253.
59, 1151, 6217
List the prime factors of 4268591563.
4268591563
What are the prime factors of 103312024?
2, 2357, 5479
List the prime factors of 174737226.
2, 3, 887, 32833
List the prime factors of 874894297.
43, 89, 228611
What are the prime factors of 1041274409?
7, 73, 2037719
What are the prime factors of 622575644?
2, 155643911
What are the prime factors of 4030576666?
2, 19, 431, 246097
What are the prime factors of 127668457?
7, 18238351
List the prime factors of 743486664.
2, 3, 113, 274147
List the prime factors of 210085940.
2, 5, 107, 127, 773
What are the prime factors of 175991514?
2, 3, 17, 139, 12413
List the prime factors of 652115207.
19, 34321853
List the prime factors of 121763864.
2, 71, 214373
What are the prime factors of 240620379?
3, 3557, 22549
What are the prime factors of 4706201755?
5, 1783, 527897
What are the prime factors of 338191539?
3, 7, 103, 156353
What are the prime factors of 152604692?
2, 31, 113, 10891
List the prime factors of 678607409.
678607409
List the prime factors of 576233245.
5, 7, 16463807
List the prime factors of 163901710.
2, 5, 7, 2341453
List the prime factors of 62474260.
2, 5, 3123713
List the prime factors of 2090046452.
2, 13, 89, 451609
List the prime factors of 400028327.
47, 223, 38167
List the prime factors of 81253720.
2, 5, 251, 8093
List the prime factors of 24574254.
2, 3, 4095709
What are the prime factors of 152174230?
2, 5, 13, 19, 61609
List the prime factors of 1200137199.
3, 41, 197, 49529
List the prime factors of 41878059.
3, 29, 139, 3463
What are the prime factors of 350138400?
2, 3, 5, 37, 3943
List the prime factors of 107684088.
2, 3, 149, 30113
What are the prime factors of 2343772449?
3, 199, 509, 857
List the prime factors of 484250698.
2, 242125349
What are the prime factors of 3387172727?
3387172727
What are the prime factors of 3557601213?
3, 4049, 292879
List the prime factors of 77248524.
2, 3, 179, 35963
List the prime factors of 6041959624.
2, 755244953
List the prime factors of 47630624.
2, 281, 5297
List the prime factors of 650556984.
2, 3, 7, 11, 32003
What are the prime factors of 264632506?
2, 17, 7783309
What are the prime factors of 1555579106?
2, 97, 8018449
List the prime factors of 139340333.
11, 937, 1229
What are the prime factors of 182000704?
2, 1327, 2143
List the prime factors of 22666220.
2, 5, 47, 24113
List the prime factors of 64835434.
2, 1949, 16633
What are the prime factors of 7397633?
7397633
What are the prime factors of 1631135929?
149, 1871, 5851
What are the prime factors of 36940024?
2, 11, 23, 18251
What are the prime factors of 3412070263?
7, 23, 293, 10333
List the prime factors of 559925385.
3, 5, 37328359
List the prime factors of 84494065.
5, 23, 31, 137, 173
List the prime factors of 3453813317.
53, 65166289
What are the prime factors of 13204572?
2, 3, 1100381
What are the prime factors of 328705140?
2, 3, 5, 29, 188911
List the prime factors of 44843171.
191, 234781
What are the prime factors of 507463563?
3, 139, 1216939
List the prime factors of 100790498.
2, 50395249
List the prime factors of 1994805498.
2, 3, 7, 113, 420313
What are the prime factors of 83346642?
2, 3, 43, 257, 419
List the prime factors of 44009967.
3, 97, 151237
What are the prime factors of 2570311656?
2, 3, 11, 1081781
What are the prime factors of 17164130?
2, 5, 17